. Let u(l) = -l**2 + 5*l + 15. Determine u(j).
1
Suppose 12 = -4*v, -2*l + 4*v - 147 - 985 = 0. Let j be (-3)/(l/(-77) - 7). Let u(h) be the third derivative of -h**4/24 - h**3/2 + h**2. Give u(j).
4
Suppose 19 + 67 = 40*m - 34. Let z(s) be the third derivative of s**5/15 - s**4/8 - s**3/6 - 2*s**2. What is z(m)?
26
Suppose -10*n + 11*n = 3*a - 16, -3*n = 3*a + 12. Let q(i) = -i**3 + i**2 + 7*i - 5. Determine q(a).
-2
Let n(b) = -b - 1. Let g be 54 - 10 - 20/4. Suppose 2*j - 23 + g = 0. What is n(j)?
7
Let g(p) = 7*p**3 - 17*p**2 + 35*p - 17. Let b(v) = 2*v**3 + v + 1. Let y(m) = -3*b(m) + g(m). What is y(15)?
10
Let p(u) = -48*u + 217 - 228 + 56*u. Determine p(2).
5
Let j be -24*2*(-4 - 146/(-36))*3. Let p(q) = q**2 + 8*q - 6. What is p(j)?
-6
Let g(b) = 22 + 11*b**2 - 15*b + 218*b**3 - 219*b**3 + 20*b. What is g(11)?
77
Suppose 2*t + 2 - 12 = 0, 4*s - t = 7. Let p(b) = -48*b - 3. Let y(m) = 329*m + 24. Let f(w) = -7*p(w) - y(w). What is f(s)?
18
Let x(i) = -294*i + 68. Let j be x(2). Let v = j + 527. Let p(t) = -t**3 + 8*t**2 - 10*t + 9. Calculate p(v).
-12
Suppose -2*n - j - 5 = 0, 2*j = 3*n - 14 + 4. Let g(a) = 0 - 37 - a**2 + 28 + 4 - 2*a. Give g(n).
-5
Let q(y) = -2*y + 5. Let c(u) = u**2 + 9*u + 3. Let d be c(-8). Let f(i) = i**3 + 6*i**2 + 6*i + 1. Let l be f(d). Let a be 4*4/l*-1. Determine q(a).
-3
Let a(h) = 31*h - 546. Let w(f) = 15*f - 257. Let y(r) = -6*a(r) + 13*w(r). Give y(8).
7
Suppose -5*x + 3 = -17. Suppose 3*j - 4*b = -2*b - 22, x*j + 18 = -3*b. Let o(k) = k - 3. Let l(r) = r - 4. Let n(y) = j*l(y) + 7*o(y). Give n(-3).
0
Let x(p) = -p - 12. Let j(v) = -v**2 - 4*v + 1. Let w be (-116)/20 + 3 - 3/15. Let l be j(w). Suppose -l = -3*b + 7*n - 2*n, -b + n - 2 = 0. Give x(b).
-5
Let s(c) = -c**2 - 11*c - 20. Let q be s(-9). Let p be ((-6)/5)/(q/(-15)). Let v be ((-2)/(-5))/(p/45). Let t(k) = k**3 - 2*k**2 - 2*k + 1. Calculate t(v).
-11
Let o(y) = 2*y**2 + 18*y + 20. Let k be (-26)/(-10) - (4 + (-136)/40). Suppose 3*n - k*r + 12 = r, -5*r - 44 = 3*n. What is o(n)?
4
Suppose -f + 2 = -3. Let v(c) be the third derivative of -1/12*c**4 + 5/6*c**3 + 1/12*c**5 + 2*c**2 + 0*c + 2 - 1/120*c**6. What is v(f)?
-5
Let z(o) = 2*o**3 - o**2 - 3*o + 3. Let c(l) = l**2 - 2*l - 1518. Let h be c(40). Determine z(h).
9
Let j(s) = -s**3 + 12*s**2 - 28*s + 6. Let f(d) = 47*d + 150. Let x be f(-3). Let m be j(x). Let t(q) = -q**2 - 3*q + 2. What is t(m)?
2
Let r(x) = -17*x + 19. Let s(y) = 3*y - 4. Let i(a) = 2*r(a) + 11*s(a). Suppose -5*g - 2*h - 2*h - 54 = 0, h = -g - 10. Let v = g - -14. Calculate i(v).
-6
Let m = -698 - -710. Suppose m = 9*f - 3*f. Let x(i) = 2*i**2 + 4*i - 4. Determine x(f).
12
Let v be (-25218)/3269*14/6. Let w(b) = 6*b + 114. What is w(v)?
6
Let x(z) = -16 - 416*z + 117*z + 123*z + 177*z. Determine x(25).
9
Let j(y) = 2*y - 1. Let r(i) = i**3 + 13*i**2 - 5. Suppose 0 = -2*c + 4*t - 46, 32 = 2*c - 6*c - 4*t. Let x be r(c). Let b be 6*x/(-15) + 0. Calculate j(b).
3
Let i(v) = -2335 + 4730 + 3*v - 2331 - 6*v. Give i(24).
-8
Let g(s) be the second derivative of s**5/20 + s**3/3 + 107*s**2/2 + 410*s. Determine g(0).
107
Suppose 4*i - 8 = -2*t, -5*t - 2*i = -t - 34. Let n(q) = -q + 9. Give n(t).
-1
Suppose 0 = -51*p + 57*p - 18. Suppose 4*g - g = 0, -12 = 4*y + p*g. Let x(k) = -k**2 + 4. Calculate x(y).
-5
Let u(q) = 3*q - 9 + q + 138*q**2 + 147*q**2 - 286*q**2. What is u(10)?
-69
Let q(r) = 13*r**3 + 30*r**2 + 11*r - 4. Let k(u) = -24*u**3 - 57*u**2 - 22*u + 8. Let z(y) = 7*k(y) + 13*q(y). Calculate z(10).
-6
Let o(c) be the first derivative of -c**2/2 + 8*c - 210. Let d(n) = -2*n**3 - 12*n**2 - 3*n - 13. Let s be d(-6). Calculate o(s).
3
Let b = 141 + -32. Let r = b - 106. Let i(y) = y**3 - 2*y**2 - 3*y + 2. What is i(r)?
2
Suppose -x - 3*a = -4*x, -4*x = 2*a + 24. Let o(s) be the first derivative of 1/4*s**4 + 5/3*s**3 - 3*s + s**2 + 59. What is o(x)?
5
Let q(g) = 21*g**2 - g + 64*g**3 - 19*g**2 - 136*g**3 + 57*g**3. Suppose -4*c + 0*c = 2*w + 18, -4*w + 5*c = -29. Determine q(w).
-14
Let s(m) be the second derivative of -m**4/12 + m**3/3 - 5*m**2/2 - 2*m. Suppose 2*p - 3 = d, 642*p + 4*d = 644*p + 6. What is s(p)?
-8
Let d(k) = -94*k + 163*k - 62*k + k**3 - 7 - 7*k**2. Give d(7).
42
Let y be (-2)/(-4) + 2/12*-3. Suppose 0 = 4*x - 3*x - 4*a + 7, y = 2*x - 4*a + 6. Let k(c) = -x - 1 + 3 - 2*c + c. Calculate k(-4).
5
Suppose 218 - 85 = 19*a. Let u(h) = 2*h**2 - 11*h + 9. Calculate u(a).
30
Let w(p) = -5*p**2 + 21*p + 6. Let b(o) = -13*o**2 + 41*o + 1. Let r(h) = 2*b(h) - 5*w(h). What is r(-22)?
-6
Let y(v) = 11*v**2 + 17*v - 7. Let h(l) = 26*l**2 + 35*l - 13. Let d(k) = -2*h(k) + 5*y(k). Calculate d(-5).
-9
Let l(x) = 2335*x**3 + 9*x**2 - 9*x - 4670*x**3 - 4 + 2334*x**3. Determine l(8).
-12
Let v(u) = -u**2 + 482*u - 1426*u + 476*u - 2 - 5 + 475*u. Calculate v(0).
-7
Let x(q) = -q**3 + 8*q**2 - 10*q + 22. Let l be -4 + 2 - (-9)/(1 + 0). Let w be x(l). Let a(g) = -17*g + 1. Give a(w).
-16
Suppose 0 = -3*h - 5*r + 47, -r - 51 = 2*h - 73. Let d(f) = f**2 - 6*f - 45. Determine d(h).
-18
Suppose -72*l + 67 = -398 - 111. Let m(b) = 2*b**2 - 14*b + 19. Give m(l).
35
Let w(l) = 274*l**3 + l**2 + 3*l**2 - 16 + 13*l - 275*l**3 - 10*l. Give w(3).
2
Let w(p) = 4 + 2 - 6 + 1 + p - 3*p**2. Suppose 2*x - 45 = -3*x. Suppose 4*b + 14 = -5*a, -x*a + 4*a - 15 = 5*b. Determine w(b).
-3
Let y(d) = -8*d - 38*d - 302*d**3 + 4 + 301*d**3 - 25*d**2. Determine y(-23).
4
Let n(a) = 40*a + 34*a - 65*a - a**2 - 9. Let k(f) = 4*f - 21. Let l be k(7). Give n(l).
5
Let k(m) be the third derivative of 1/24*m**4 + 0 - 86*m**2 - 5/6*m**3 + 0*m. What is k(-5)?
-10
Let h = 165 + -44. Let v = h - 109. Let m(g) = 10*g - v*g + g. Calculate m(2).
-2
Let x(d) = 13*d - 92. Let h be x(8). Suppose 0 = h*b + 84 - 12. Let n(g) = g**2 + 6*g - 7. What is n(b)?
-7
Suppose 7*u = 4*u + l + 40, -u + 16 = -3*l. Suppose 3*z + f + 6 = u, z - 5*f = 13. Let a(m) be the second derivative of m**3/6 + 3*m**2/2 - m. Calculate a(z).
6
Let d be (-57)/38*(1/(-3) - 1). Let x(g) = -g + 6. Let s be x(d). Suppose 8*v - 45 = 3*v + 4*m, -s*v + 5*m + 45 = 0. Let k(y) = y**2 - 4*y - 6. Determine k(v).
-1
Let d(z) = z**2 + 3*z - 7. Let f(x) = -10*x**3 + 4*x**2 + x + 10. Let y be f(3). Let h = 214 + y. What is d(h)?
21
Let f(j) be the first derivative of -5*j**2/2 - 8*j + 3196. Calculate f(-3).
7
Let m(h) = h**2 - 5*h - 8. Let s = 172 + -167. Let g be (s/(80/(-28)))/((-7)/28). Give m(g).
6
Let z(b) = 0*b + b - b**3 + b**2 - b. Let a(t) = -7*t**3 + 11*t**2 + t - 2. Let c(y) = a(y) - 6*z(y). Determine c(5).
3
Let s(y) be the third derivative of y**5/20 - y**4/4 - 17*y**3/6 - 2*y**2 - 12. Let x(k) = -4*k**2 + 6*k + 21. Let n(t) = -5*s(t) - 4*x(t). Give n(-4).
-7
Let y(h) = -27 - h**3 - h + 27*h**2 + 23*h**2 + 24*h**2 - 86*h**2 + 15*h. Calculate y(-13).
-40
Let p(k) = k**2 - 3*k - 1. Let y(m) be the third derivative of 1/60*m**5 + 0 + 1/6*m**3 + 0*m**4 + 0*m - 14*m**2. Let j be y(-1). Give p(j).
-3
Let c(k) = -k**3 + 18*k**2 + 41*k - 14. Suppose 1668*d - 1664*d + 3*b = 80, 0 = 2*d - 3*b - 40. Determine c(d).
6
Let w be 56/(-8)*2/(-14)*36. Suppose -7*n = -16*n - w. Let d(l) = -l**2 - 6*l - 9. Calculate d(n).
-1
Let n be (7/(-28))/(4/40*(-45)/18). Let o(u) be the first derivative of 1/4*u**4 - 2 - 2/3*u**3 + 0*u + 1/2*u**2. What is o(n)?
0
Let a(b) = 3*b**2 - 6*b - 5. Let l(r) = 4*r**2 - 7*r - 6. Let o(i) = -3*a(i) + 2*l(i). Let y be (1 + -4)/((-18)/5 - -3). Suppose -w + 9 = y. What is o(w)?
3
Let k(u) = -2*u**2 + 22*u - 7. Let y be -2 + 12 - (-4 - 1 - -7)/2. Determine k(y).
29
Let l(q) = 1188*q + 1199*q - 3595*q + 1181*q - 265. Give l(-10).
5
Let n(i) be the second derivative of i**5/20 + 5*i**4/12 + 5*i**3/6 - 3*i**2/2 + 3*i. Let t(b) = -b**3 + 25*b**2 + 58*b - 112. Let q be t(27). Give n(q).
-7
Let p(h) = h**3 - 11*h**2 - 1. Let l be 2/((-6)/17)*-6. Suppose -3*v + l = 1. What is p(v)?
-1
Let q(l) = -l**2 - 19*l - 13. Let j = -1902 - -1884. Give q(j).
5
Let i(z) = z**3 + 3*z**2 - 5*z + 14. Let g(m) = -m**2 + 124*m - 1734. Let v be g(108). Give i(v).
-64
Let x(g) = 28*g**3 + 11*g**2 + 19*g + 2. Let z(j) = 111*j**3 + 46*j**2 + 81*j + 9. Let h(l) = -17*x(l) + 4*z(l). Give h(1).
-32
Let a(s) = 2*s**2 + 54*s + 297. Let k be a(-19). Let m(u) = 3*u**2 + 24*u + 18. Calculate m(k).
-3
Let i(d) = 10*d + 73. Let 